e?
False
Suppose 6 - 196 = 19*a. Is -4*a/(-340) + 30162/34 a composite number?
False
Let o(s) = 1021*s**3 - 96*s**2 + 840*s + 6. Is o(9) composite?
True
Let w be 30/(1 + -11) + 18/3. Let y(t) = 385*t**2 - 19*t + 13. Is y(w) composite?
True
Suppose -4*o + 2*p + 330746 = 0, 0*p = -2*o - p + 165375. Is o a prime number?
False
Let f = 135953 + -73494. Is f prime?
True
Let v(o) = 557*o**3 + o**2 + 24*o - 91. Is v(5) composite?
True
Suppose -17*t + 69 = -101. Suppose -t*r - 15*r + 105025 = 0. Is r a composite number?
False
Let u(t) = t**3 - 4*t**2 - 7*t + 6. Let x(p) = -p - 7. Let l be x(-12). Let w be u(l). Is (w + 8570)/(-2)*-1 prime?
True
Let v = -355 - -358. Suppose 4*d = -v*i + 9223, i + d - 2486 - 589 = 0. Is i a prime number?
False
Let r be -3 + 5 + -2*1. Let h(k) = k**3 + 4*k**2 - k + 9. Let q be h(r). Suppose -q*x + 1231 + 596 = 0. Is x prime?
False
Suppose -5 = 5*u - 5*a - 25, -2*u - 4 = 2*a. Suppose t = u - 2. Is 743*(-3 - 4/t) composite?
False
Suppose -3*f + 3 = 0, 2*s - s + 46 = -5*f. Let q = s - -33. Let b = 467 + q. Is b composite?
False
Suppose -3*v + 182 = -5*f, -6*v + v = 5. Let r = f - 32. Let y = r - -518. Is y composite?
False
Suppose 0 = 4*x - 5*v - 504384, -5*v - 343053 = -2*x - 90851. Is x a composite number?
True
Let v(x) be the second derivative of 13*x**5/20 + x**4/6 + x**3/6 + x**2 - 16*x. Let i(z) = z**3 - z**2 - z. Let f(u) = -i(u) - v(u). Is f(-2) a prime number?
False
Suppose 0 = q - 4*f - 461821, 1159*f = 2*q + 1154*f - 923642. Is q a prime number?
False
Let z(l) = -3*l + 7. Suppose 0 = -14*w + 11*w + 9. Let k be z(w). Is ((-1 + k/(-4))*-1636)/2 composite?
False
Suppose -20*k + 9206337 = 8*k - 7*k. Is k a prime number?
False
Suppose -5*t - m = -7*t + 11, -3*t + m = -16. Suppose 4*y = -l + 223, 3*y + l - 169 = 2*l. Is t - (-9)/(18/y) a prime number?
False
Suppose -30772 = 4*d + 4*u, 5*d - 24*u + 28*u = -38469. Let i = 21900 + d. Is i prime?
False
Suppose -4*i + 9255 + 1257 = 0. Suppose 5*a + 4*z = 4375, -29*a - i = -32*a - 3*z. Is a a composite number?
True
Let w be 13/3*(11 - 8). Let l(u) = 21*u**2 + 0*u**2 + 170*u - w - 169*u + 26*u**2. Is l(-6) a prime number?
False
Let j(n) = n + 11. Let w be j(-4). Let d(i) be the second derivative of 59*i**3 - 55*i**2/2 - 3*i. Is d(w) composite?
False
Is -9 + 344/40 - 17221535/(-75)*3 a composite number?
False
Let f(c) = c + 20. Let s be f(18). Suppose 4*h + s = 6*h. Is 7051/h - (-12)/(-114) a composite number?
True
Let s(t) be the first derivative of 86*t**3/3 + t**2 - 7*t - 83. Let x(b) = -b**3 - 8*b**2 - 5*b + 10. Let o be x(-7). Is s(o) a prime number?
True
Let b = -1092 + 1697. Let s = b + 2946. Is s a composite number?
True
Suppose -34*x - 75*x + 22789585 = -18*x. Is x prime?
False
Suppose -6*b + 16 = -2*b. Suppose -b*f + 465 = -871. Is f composite?
True
Suppose -141*w + 146*w + 70 = 0. Let i = 18 + w. Suppose 0 = -i*d - f + 936, 3*d + 2*f - f - 701 = 0. Is d prime?
False
Let t(y) = -814*y**3 + y**2 - 8*y + 7. Let z be t(2). Is (6 + -2)*(z/(-28) - 6) composite?
False
Is 10/(-12)*-681878 - (14 + (-400)/30) prime?
True
Let f = -99 - -100. Let z be 7/f*(5 + 40)/(-3). Is (-11)/(-2 - z/55) a composite number?
True
Let m = -22644 - -36311. Is m a composite number?
True
Let i(u) = -u**2 - 21*u - 24. Let a be i(-19). Suppose -a*h = -11*h - 4971. Is h prime?
True
Let y = -93261 - -135694. Is y a composite number?
False
Suppose -j + 2*j = -6741 + 31298. Is j prime?
False
Let l be ((-981)/54)/(1/(-18)). Let k = 460 - l. Is k a prime number?
False
Let v be (-2)/(-6)*(30/2 - -6). Suppose 73 = -11*f + v. Let g(x) = x**3 + 9*x**2 - 4*x - 5. Is g(f) a prime number?
True
Let h(s) be the third derivative of -256*s**4/3 - 31*s**3/6 + 10*s**2. Let x be h(-5). Suppose 4*f = 3*f + 2*q + 3403, 5*q - x = -3*f. Is f a prime number?
False
Suppose 8*a + 26 + 118 = 0. Let o be 93 - ((-6)/(-4))/(a/24). Let p = o + 71. Is p a prime number?
False
Let i(u) = u**2 - 7*u + 31. Let x be i(5). Suppose -3 = -2*j + 5*d + 26, -5*d = 2*j + x. Is ((-13256)/(-32))/(1/j)*2 composite?
False
Suppose 29*u + 7498 = 30*u + 3*s, u - 5*s - 7458 = 0. Is u a prime number?
False
Let d(o) = 33*o**2 + 100*o - 364. Is d(-33) a prime number?
False
Suppose -2*n - 6 = -36. Suppose n*j = 12*j + 10221. Is j a prime number?
True
Suppose 3*j = 5*i - 275638, 21*i + 91851 = -j + 17*i. Is (-1)/(j/(-183794) - 2/4) composite?
False
Let p be (-76)/(-10) - ((-44)/10 - -5). Suppose 3*a - p = -4. Is 1 + (30 - 0)*11*a prime?
True
Let k be 2/4*(3 - 8 - 7). Is 4/(28/7945) - k composite?
True
Suppose -7*l + 90 = 11*l. Suppose 7 = -3*z + l*t, -47 + 16 = 3*z + t. Is (-858)/z + 4/(-12) composite?
True
Let b(c) be the third derivative of 349*c**4/24 - 41*c**3/6 + 14*c**2 - c. Is b(6) a prime number?
True
Let g(p) = 6*p**2 + p - 2. Let j be g(-2). Suppose 14*o - 18*o + j = 0. Suppose -1190 = -o*z + 1985. Is z prime?
False
Let w be (2*5)/(((-405)/(-18))/9). Is (44080 + 5)/(-5)*w/(-12) composite?
False
Let m(k) = -k**2 - 7*k + 7. Let c be m(0). Let y(h) = 14*h**3 - 6*h**2 + 2*h + 25. Is y(c) prime?
True
Is (6 + -4)/((-20)/6056150*-5) composite?
False
Suppose 8 = 3*k + m, 0 = k - 0*m - 3*m - 6. Suppose 2*l + 25*p = 20*p + 15496, 4*p = k*l - 23267. Is l composite?
False
Suppose 6*c - 4*c - 8 = 0. Suppose -c*x = 3*x - 47383. Is x composite?
True
Suppose -24*r + 2245361 = 812873. Is r a prime number?
False
Let s = 16276 + 728163. Is s composite?
True
Let i(k) = -5*k - 13 - 26 + 12*k + 25. Is i(13) composite?
True
Let o = -2 + 2. Suppose -415*j = -413*j - 1288. Suppose 2*q + 3*k = -3*q + 805, o = -4*q + 4*k + j. Is q a composite number?
True
Is ((-259)/(-28) - 15)*(-2 - -4)*-706 composite?
True
Let h(y) = 0*y - 1 + 0 + 12*y**2 - 5 - 22*y. Let t be h(-16). Let i = t + -1795. Is i prime?
False
Let g(y) = -108 + 227 + 44*y**2 - 118. Suppose 3*k = 5*f - 14, 1 = -0*k - 2*k - 5*f. Is g(k) a composite number?
False
Let u be (16/(-3))/1*108/(-24). Suppose -h + g - 21 = -4*g, u = h + 4*g. Suppose -h*n - l = -n - 3452, -n = -2*l - 1153. Is n a prime number?
True
Suppose 5*j = -3*t + 8*j + 15, 0 = -5*t - j + 1. Is 5779 - 48 - (t + -1) a composite number?
True
Let t(j) = 8*j**2 - 3*j - 3. Let m be t(-2). Let l = -38 + m. Let y(f) = -80*f + 11. Is y(l) a prime number?
True
Suppose -69 = 9*r - 177. Let c(m) = -4 - 1 + 157*m**3 - 156*m**3 - 3*m + r*m**2. Is c(-11) composite?
False
Let n = 1750 + 3721. Is n a prime number?
True
Suppose q - 3069 = 19*x - 20*x, -x = 3*q - 9215. Is q a prime number?
False
Is ((-18)/(-63))/((-2)/(-569317)) prime?
True
Let r(b) = 5851*b - 6532. Is r(33) a composite number?
False
Let w = -677379 - -1026682. Is w a composite number?
False
Let p(f) = f**3 + 6*f**2 + 9*f - 13. Let q be p(-4). Let r = q - -106. Is r a prime number?
True
Suppose 0 = -9*l + 43542 + 34056. Suppose 23*b - 21*b = -4*p + l, -4*p + 21531 = 5*b. Is b composite?
True
Let v = -327 - -326. Is (-1973)/(-3)*(-3 - -5 - v) a composite number?
False
Suppose 113*f - 111*f - 320150 = 3*c, 320162 = 2*f + 3*c. Is f composite?
True
Suppose 60 = 4*v - 3*c, -4*c + 22 = v - 3*c. Let z be 14/56 + v/(-8). Is (-4 + 15)*(-309)/(z + -1) a composite number?
True
Suppose -2*k - 2*k = -a - 137, -4*k - 5*a = -107. Suppose k = -j + 1060. Let i = j + -614. Is i composite?
True
Suppose -h + 14 = 9. Suppose 5*l + h*c - 1030 = 955, -3*l + 2*c = -1191. Is l a composite number?
False
Let u = 513160 + -336806. Is u a composite number?
True
Suppose 3*h - 12 = 3*k - h, -5*h = -4*k - 15. Suppose k = -4*r - 5*i + 3163, 0*i + i = -r + 792. Is r prime?
True
Let p be 3/(-5) + (1 - 1074/(-15)). Suppose p = 11*u + u. Is 9/u*1/(9/8394) a prime number?
True
Let u be (0 + -1 - 5)/((-51)/(-9112)). Let f = u - -1961. Is f composite?
True
Let l(h) = 42*h + 3*h**2 + 4*h**2 - 38*h - 43 - 3*h**2 + 133*h**3 + 3*h**2. Is l(6) a composite number?
False
Let w(z) = -164*z**2 + 7*z - 5. Let r be w(1). Let l = -116 - r. Is l a composite number?
True
Suppose -3*v = 3*k - 456510, k = 4*k + 3. Suppose -v = 30*j - 49*j. Is j a composite number?
False
Let s be (-1 - -2)*(1638 - 3). Let v(r) = -3*r. Let j be v(0). Suppose -5*c + 2*c + s = j. Is c composite?
True
Let y = -150 - -161. Suppose y*a - 17*a = -102390. Is a composite?
True
Suppose 0 = -142*m + 137*m + 24330. Suppose -2*p + 3314 = -w, -3419 = -5*p - 3*w + m. Is p a prime num